(6).
3
Let v = 4 - 8. Let f = -1 + v. Let o(n) be the first derivative of n**3/3 + 2*n**2 - 2*n + 1. Give o(f).
3
Suppose -4*z - 3*s = -6*s - 17, -z = -s - 5. Let y = 3 + z. Suppose 0 = y*v - 2*v. Let k(l) = -l - 12. Determine k(v).
-12
Let g(q) = q**2 + 7*q + 17. Let x be g(-4). Let z(i) = -i - 2. Give z(x).
-7
Let l = 8 + 8. Suppose 0*b - l = -4*b. Let y be b/(-6) - (-2)/3. Let j(x) = x**3 + x**2 - x - 6. Give j(y).
-6
Let p(h) = 4*h + 1 + 0 - 10*h. Let j be p(-1). Let d(m) = -m**2 + 7*m + 3. Determine d(j).
3
Let w(z) = z + 10. Let n be w(-8). Let a(u) be the first derivative of 0*u + 1 + 1/2*u**n. Determine a(-3).
-3
Let r(l) = -4*l**2 + 4*l**2 - 2 + 2*l**2. Suppose -7*y = -5*y. Suppose y*x - 2*x = 4. Determine r(x).
6
Let s(f) be the second derivative of 0 + 5/2*f**2 - 6*f - 1/2*f**4 + 1/20*f**5 + 1/2*f**3. Calculate s(5).
-5
Let b(v) = -v**2 + 8*v**3 - 4 + 3 - 2*v + 0*v. Determine b(-1).
-8
Let q(p) be the second derivative of -p**5/20 - p**4/3 + 2*p**2 - 3*p. What is q(-3)?
-5
Let w = 12 + -9. Suppose -3*s = -5*g - 23, w*s = -0*s + 4*g + 19. Let h(q) = s + 4*q**2 - 1 - 1. Determine h(-1).
3
Let f(d) be the third derivative of d**5/60 + d**4/12 + d**3/6 + d**2. Suppose 16*y - y = -45. What is f(y)?
4
Let k be 5/(-5) + (-2 - -1). Let v(j) = -2*j - 3. Let f be v(k). Let l(y) = y**2 - y**2 + 4*y - f - y**2. Give l(3).
2
Let d(o) be the first derivative of -o**6/120 + o**5/60 + o**3/2 + o**2/2 + 3. Let v(a) be the second derivative of d(a). What is v(0)?
3
Let j(h) = h**2 - h + 1. Let o(s) = -3*s - 1. Let c(d) = j(d) + o(d). Give c(4).
0
Let c(w) = w + 1. Let l(m) = -m**2 + 2*m - 3. Let d(a) = -2*c(a) - l(a). Let r = 53 + -50. Determine d(r).
-2
Let p(x) be the third derivative of x**6/120 + x**5/12 + x**4/6 + x**3/6 - 5*x**2. Let r be -5 + (-1 - (-2 - 0)). Give p(r).
1
Let g(p) = p - p + 2 - 3*p + p**2 + 0*p. Suppose 3*x - x + 5 = -y, 4*y = -5*x - 8. Give g(y).
2
Let d(w) = w**2 - w. Let o(f) = -1 + 3 + 3*f**2 - f**3 + 2*f**2 + 2*f. Let u(j) = d(j) + o(j). Suppose 4*k - 15 = -k - 5*c, 3*k + c - 15 = 0. Calculate u(k).
8
Let l(y) be the second derivative of y**6/360 + 3*y**5/40 + 3*y**4/8 - y**3 + 6*y. Let c(u) be the second derivative of l(u). Calculate c(-6).
-9
Let t(x) = -x - 5. Suppose k + 0*o + 9 = 3*o, -11 = k - 4*o. Give t(k).
-2
Let h(d) = -3*d + 9. Let b(m) = -2*m + 8. Let o(c) = 4*b(c) - 3*h(c). Let i = 1 + 3. What is o(i)?
9
Suppose 3*o + 0*o = 0. Suppose -4*f + 5 - 1 = 0. Let v(r) = 4 + f - 3 + r. Calculate v(o).
2
Let q be 806/195 - 4/30. Suppose -11 = 5*f + 4*x, f - 2*f - 15 = q*x. Let c(t) = -2*t**3 + 6*t**3 - 2*t**2 + 3*t**3 + 1. Calculate c(f).
6
Suppose x = 4*x + 18. Let a(t) = -3*t + 2. Determine a(x).
20
Let y(d) = -7*d**3 + 8*d**2 + d + 8. Let g(x) = 10*x**3 - 12*x**2 - x - 12. Let c(t) = 5*g(t) + 7*y(t). Give c(3).
-7
Let l(s) = s + 11. Let n = 3 + 8. Let z(i) = i**3 - 12*i**2 + 11*i - 5. Let a be z(n). Give l(a).
6
Let o(i) = i**3 + 6*i**2 + 6*i + 5. Let z be o(-5). Suppose -w - 7 = -2*w - g, -2*g + 23 = 5*w. Let u(j) = 6 - 2 - j - w. Calculate u(z).
1
Let o be ((-2)/3)/((-13)/(-117)). Let x(h) = h**2 + 10*h + 8. Calculate x(o).
-16
Suppose 0 = 3*g + 2*i, -i = 5*g + i - 4. Suppose -5 = g*w - 13. Suppose 2*k - w*q - 10 - 4 = 0, 0 = 2*k - 3*q - 13. Let o(c) = -c**2 + 6*c + 1. What is o(k)?
6
Let x = -5 + -1. Suppose 0 = -4*g + o + 29, -2*o - o = -5*g + 45. Let b(k) = 7*k + 0*k - 6 - 2*k - g*k. Give b(x).
0
Suppose 0 = 5*r + 6*s - 2*s - 11, -3*r - 5*s + 17 = 0. Let g be (-28)/35*5/(-2). Let p(m) = 10 - 3*m**g + m - 10. Give p(r).
-4
Let o(v) = -3*v**2 - 2*v - 57*v**3 + 29*v**3 + 27*v**3. Give o(-2).
0
Let j(l) = -l**2 + 10*l. Let i(u) = -u - 1. Let y(z) = -3*i(z) - j(z). Calculate y(6).
-3
Let d be ((-4)/2)/((-1)/2). Let f(n) be the second derivative of n**4/12 - n**3/6 - 2*n**2 + n. Determine f(d).
8
Let r(j) = 7*j**3 - j**2 - j. Let f(u) = u**2 + 3*u - 4. Let w be f(-4). Let n(v) = -v**2 - 10*v - 10. Let y be n(-9). Let x = y + w. Determine r(x).
-7
Let d(m) be the third derivative of m**6/120 + 3*m**5/20 - m**4/12 - 5*m**3/3 - 36*m**2. Calculate d(-9).
8
Let j(n) = 2*n - 2. Let o(v) = -v + 1. Let b(x) = 2*j(x) + 3*o(x). Let l be 12/(-10)*25/10. Let s(w) = -w**3 - 4*w**2 - 2*w + 2. Let f be s(l). What is b(f)?
-2
Suppose 11*j = -2*j. Let t(k) = -3*k**2 - 10*k + 18. Let g(z) = 2*z**2 + 7*z - 12. Let i(h) = 7*g(h) + 5*t(h). Calculate i(j).
6
Let y(x) = -x**3 + 6*x**2 - 3*x - 10. Let r be y(5). Let d(z) = -z + 1. What is d(r)?
1
Let r(f) be the second derivative of 0 - 5/2*f**2 + f - 2/3*f**3. Let v(q) = 3*q + 4. Let y(h) = 5*r(h) + 6*v(h). Determine y(4).
-9
Let o(b) be the first derivative of -b**6/360 + b**5/60 + 7*b**4/24 + b**3 + 3. Let q(d) be the third derivative of o(d). What is q(5)?
-8
Let x be ((-15)/12 - (-2)/(-8))*2. Let n(j) = -j**2 - 4*j + 1. Calculate n(x).
4
Let m(y) = 2*y - 1 + y**3 - 2*y**3 - 5*y**2 + 6. Let t(v) = -5*v**3 - 20*v**2 + 9*v + 19. Let l(j) = 9*m(j) - 2*t(j). Give l(5).
7
Let k(l) be the second derivative of -l**4/12 - 5*l**3/3 - 7*l**2/2 - 2*l. Let c be k(-8). Let i be 8/6*c/(-6). Let t(v) = -v - 1. Calculate t(i).
1
Let p be 8 - 2*2/(-2). Let i be -1 + (-5)/(p/(-12)). Suppose -3*m = -2*b + 10 + 5, m - b + i = 0. Let k(x) = x**3 + 5*x**2 + x + 6. Determine k(m).
1
Let k be ((1 - -1)/(-1))/(-1). Let n(q) = -2*q + 7. Let u(h) = -h + 3. Let d(i) = 3*n(i) - 7*u(i). Calculate d(k).
2
Let b(q) = -11*q + 1. Suppose d - 4*r = 1, -4*r + 2 = -5*d + 7. Determine b(d).
-10
Let k(m) be the second derivative of -m**6/360 - m**5/120 + m**4/12 + m**3/3 - 2*m. Let w(q) be the second derivative of k(q). What is w(-3)?
-4
Suppose -4*c = -2*h + 4, 3*h - 2*c = -3*c - 22. Let i(o) = -2 + 0 - o + 31*o**2 + o**3 - 25*o**2. Calculate i(h).
4
Let x(l) = 2*l**3 - 2*l**2 - l. Let b be 1/(4*-1 + 3). What is x(b)?
-3
Let h(x) = x**2 - 2*x - 1. Let k(u) = -3*u - 14. Let w be k(-6). Determine h(w).
7
Let b(m) = m**2 + 4*m - 2*m**3 + 0*m**3 + m**3. Let j = -1 - -5. Let w = 7 - j. What is b(w)?
-6
Let k = 8 - 8. Let c(x) = -x. Calculate c(k).
0
Let o(h) = -h**3 + h**2 + h. Let q be ((-2)/4)/((-1)/4). Let f(c) = -c**3 - 2*c - 2. Let d(v) = q*o(v) - f(v). Give d(-2).
10
Let p(m) = 4*m. Let u(r) = -r + 2. Let y be u(6). Determine p(y).
-16
Let d be 0 - 2 - -1 - -4. Suppose -d*l - 4 = -4*l. Let k(i) be the third derivative of i**6/120 - i**5/15 + i**3/6 - 15*i**2 - 2*i. Give k(l).
1
Let k(i) = -i - 16. Let l be k(-10). Let f be (-120)/(-100)*(-20)/l. Let a(w) = w**3 - 3*w**2 - 2*w + 6. What is a(f)?
14
Let q = 35 - 44. Let a(r) = r + 8. Determine a(q).
-1
Let q(r) = -r**2 + 6*r - 4. Let i(p) = p**2 + p. Let d = 21 + -24. Let u be i(d). Determine q(u).
-4
Let g(w) = 2*w - 11. Let x(q) = 3*q**2 - 2*q. Let n be x(2). What is g(n)?
5
Suppose 0*b - 8 = t + 2*b, -12 = 3*t + 3*b. Suppose 4*x = -0*x + 16. Let p(m) = -4 + 0 + x*m - 5*m + 1. Determine p(t).
-3
Let o(v) be the second derivative of 0 - v**2 - 1/6*v**3 - 2*v - 1/10*v**5 + 0*v**4. Let b(i) be the first derivative of o(i). Calculate b(-1).
-7
Let w(l) be the third derivative of l**7/840 + l**6/120 + l**5/60 + l**4/6 + l**3/3 - 3*l**2. Let b(h) be the first derivative of w(h). Determine b(-3).
-2
Suppose 0 = -3*g + 2*j + 5, -3*g - j = g - 3. Let k be (6/(-1))/((-2)/g). Let r(i) = k*i**3 + i**3 - 4*i**3 + i**3. Give r(1).
1
Let l(m) be the third derivative of -5*m**2 - 1/24*m**4 + 1/6*m**3 - 1/20*m**5 + 0 + 0*m. Let d(x) = -x**2 - 5*x - 2. Let o be d(-4). What is l(o)?
-13
Let g(z) be the first derivative of -5*z**3/6 + z**2/2 + 2*z - 1. Let b(y) be the first derivative of g(y). What is b(1)?
-4
Suppose 0 = 2*s - 14 + 4. Let c(x) be the third derivative of 5/24*x**4 - 1/6*x**3 - 2*x**2 - 1/120*x**6 + 1/15*x**5 + 0 + 0*x. Determine c(s).
-1
Let r(i) = -3*i**2 - 2*i - 5. Let f(g) = 7*g**2 + 3*g + 11. Let y(u) = 4*f(u) + 9*r(u). Give y(5).
-6
Let l(c) be the third derivative of c**5/20 + c**4/12 - c**3/3 + c**2. Let f = -3 - -8. Suppose -f*m + 3*k - 1 = 3, -3*k - 16 = 5*m. Give l(m).
6
Let w(k) = 11*k - 1. Let o(p) = -2*p**3 - 5*p**2 + 2*p**3 + 4 + p + 2 - p**3. Let c be o(-5). Give w(c).
10
Suppose v - 2 = -a - 1, -12 = -2*v - 4*a. Let s(g) = g - 1. Let l(r) = 2*r. Let n(w) = l(w) - 3*s(w). Give n(v).
7
Let y(t) = t**3 + 10*t**2 + 8*t - 4. Let z be y(-9). Let s(m) = -m**3 +